{"id":788,"date":"2018-08-30T12:45:32","date_gmt":"2018-08-30T15:45:32","guid":{"rendered":"https:\/\/ensbelgrano-cba.infd.edu.ar\/sitio\/datos-institucionales\/"},"modified":"2026-02-02T21:51:23","modified_gmt":"2026-02-03T00:51:23","slug":"datos-institucionales","status":"publish","type":"page","link":"https:\/\/ensbelgrano-cba.infd.edu.ar\/sitio\/datos-institucionales\/","title":{"rendered":"Datos institucionales"},"content":{"rendered":"<div class=\"wp-block-image\">\n<figure class=\"alignleft size-full is-resized\"><img decoding=\"async\" loading=\"lazy\" src=\"https:\/\/ensbelgrano-cba.infd.edu.ar\/sitio\/wp-content\/uploads\/2026\/02\/frase-2026.jpeg\" alt=\"\" class=\"wp-image-1292\" width=\"583\" height=\"319\"\/><\/figure><\/div>\n\n\n<h3 class=\"wp-block-heading\">Informaci\u00f3n<\/h3>\n\n\n\n<p><strong>Horario de atenci\u00f3n:<\/strong><br>&#x1f552; Lunes a viernes de <strong>7:00 a 22:10 h<\/strong><\/p>\n\n\n\n<p><strong>Domicilio:<\/strong><br>&#x1f4cd; Santiago del Estero 529 \u2013 Marcos Ju\u00e1rez (C\u00f3rdoba)<\/p>\n\n\n\n<p><strong>Tel\u00e9fonos:<\/strong><br>&#x260e;&#xfe0f; (03472) 422824 \/ 458049<\/p>\n\n\n\n<p><strong>WhatsApp (solo mensajes):<\/strong><br>&#x1f4f1; (03472) 468128<\/p>\n\n\n\n<p><strong>Correo electr\u00f3nico:<\/strong><br>&#x2709;&#xfe0f; <a>ee0330349@me.cba.gov.ar<\/a><\/p>\n\n\n\n<p><strong>Facebook institucional:<\/strong><br>&#x1f517; <a>https:\/\/www.facebook.com\/esc.normal.superior<\/a><\/p>\n\n\n\n<h3 class=\"wp-block-heading has-medium-font-size\">&#x1f310; Sitio web oficial<\/h3>\n\n\n\n<p>ensbelgrano-cba.infd.edu.ar<\/p>\n\n\n\n<h3 class=\"wp-block-heading has-medium-font-size\">&#x1f3eb; Niveles que ofrece la instituci\u00f3n<\/h3>\n\n\n\n<p>Inicial \u2013 Primario \u2013 Secundario \u2013 Superior (Profesorados de: Educaci\u00f3n Inicial, Primaria y de Secundaria en Matem\u00e1tica)<\/p>\n\n\n\n<p><\/p>\n","protected":false},"excerpt":{"rendered":"<p>Informaci\u00f3n Horario de atenci\u00f3n:&#x1f552; Lunes a viernes de 7:00 a 22:10 h Domicilio:&#x1f4cd; Santiago del Estero 529 \u2013 Marcos Ju\u00e1rez (C\u00f3rdoba) Tel\u00e9fonos:&#x260e;&#xfe0f; (03472) 422824 \/ 458049 WhatsApp (solo mensajes):&#x1f4f1; (03472) 468128 Correo electr\u00f3nico:&#x2709;&#xfe0f; ee0330349@me.cba.gov.ar Facebook institucional:&#x1f517; https:\/\/www.facebook.com\/esc.normal.superior &#x1f310; Sitio web oficial ensbelgrano-cba.infd.edu.ar &#x1f3eb; Niveles que ofrece la instituci\u00f3n Inicial \u2013 Primario \u2013 Secundario \u2013 Superior &#8230; <a title=\"Datos institucionales\" class=\"read-more\" href=\"https:\/\/ensbelgrano-cba.infd.edu.ar\/sitio\/datos-institucionales\/\" aria-label=\"More on Datos institucionales\">[+]<\/a><\/p>\n","protected":false},"author":162,"featured_media":0,"parent":0,"menu_order":0,"comment_status":"closed","ping_status":"closed","template":"","meta":[],"acf":[],"_links":{"self":[{"href":"https:\/\/ensbelgrano-cba.infd.edu.ar\/sitio\/wp-json\/wp\/v2\/pages\/788"}],"collection":[{"href":"https:\/\/ensbelgrano-cba.infd.edu.ar\/sitio\/wp-json\/wp\/v2\/pages"}],"about":[{"href":"https:\/\/ensbelgrano-cba.infd.edu.ar\/sitio\/wp-json\/wp\/v2\/types\/page"}],"author":[{"embeddable":true,"href":"https:\/\/ensbelgrano-cba.infd.edu.ar\/sitio\/wp-json\/wp\/v2\/users\/162"}],"replies":[{"embeddable":true,"href":"https:\/\/ensbelgrano-cba.infd.edu.ar\/sitio\/wp-json\/wp\/v2\/comments?post=788"}],"version-history":[{"count":9,"href":"https:\/\/ensbelgrano-cba.infd.edu.ar\/sitio\/wp-json\/wp\/v2\/pages\/788\/revisions"}],"predecessor-version":[{"id":1297,"href":"https:\/\/ensbelgrano-cba.infd.edu.ar\/sitio\/wp-json\/wp\/v2\/pages\/788\/revisions\/1297"}],"wp:attachment":[{"href":"https:\/\/ensbelgrano-cba.infd.edu.ar\/sitio\/wp-json\/wp\/v2\/media?parent=788"}],"curies":[{"name":"wp","href":"https:\/\/api.w.org\/{rel}","templated":true}]}}

<div class="wp-block-image">
<figure class="alignleft size-full is-resized"><img decoding="async" loading="lazy" src="https://ensbelgrano-cba.infd.edu.ar/sitio/wp-content/uploads/2026/02/frase-2026.jpeg" alt="" class="wp-image-1292" width="583" height="319"/></figure></div>


<h3 class="wp-block-heading">Información</h3>



<p><strong>Horario de atención:</strong><br>&#x1f552; Lunes a viernes de <strong>7:00 a 22:10 h</strong></p>



<p><strong>Domicilio:</strong><br>&#x1f4cd; Santiago del Estero 529 – Marcos Juárez (Córdoba)</p>



<p><strong>Teléfonos:</strong><br>&#x260e;&#xfe0f; (03472) 422824 / 458049</p>



<p><strong>WhatsApp (solo mensajes):</strong><br>&#x1f4f1; (03472) 468128</p>



<p><strong>Correo electrónico:</strong><br>&#x2709;&#xfe0f; <a>ee0330349@me.cba.gov.ar</a></p>



<p><strong>Facebook institucional:</strong><br>&#x1f517; <a>https://www.facebook.com/esc.normal.superior</a></p>



<h3 class="wp-block-heading has-medium-font-size">&#x1f310; Sitio web oficial</h3>



<p>ensbelgrano-cba.infd.edu.ar</p>



<h3 class="wp-block-heading has-medium-font-size">&#x1f3eb; Niveles que ofrece la institución</h3>



<p>Inicial – Primario – Secundario – Superior (Profesorados de: Educación Inicial, Primaria y de Secundaria en Matemática)</p>



<p></p>

<p>Información Horario de atención:&#x1f552; Lunes a viernes de 7:00 a 22:10 h Domicilio:&#x1f4cd; Santiago del Estero 529 – Marcos Juárez (Córdoba) Teléfonos:&#x260e;&#xfe0f; (03472) 422824 / 458049 WhatsApp (solo mensajes):&#x1f4f1; (03472) 468128 Correo electrónico:&#x2709;&#xfe0f; ee0330349@me.cba.gov.ar Facebook institucional:&#x1f517; https://www.facebook.com/esc.normal.superior &#x1f310; Sitio web oficial ensbelgrano-cba.infd.edu.ar &#x1f3eb; Niveles que ofrece la institución Inicial – Primario – Secundario – Superior &#8230; <a title="Datos institucionales" class="read-more" href="https://ensbelgrano-cba.infd.edu.ar/sitio/datos-institucionales/" aria-label="More on Datos institucionales">[+]</a></p>
